e
Let s(k) = -7*k + 2*k - 2*k + 11 + 2*k. Let b be s(8). Is (1 + 8/(-6))*(b - 544) prime?
True
Suppose 0 = -4*v - 4*a + 61608, 4*v + 5*a - 40341 = 21272. Suppose 0 = -8*u - v + 49965. Is u a composite number?
True
Is (-3)/21 + 3218190*(-7)/(-147) prime?
True
Let s = 56420 - 34723. Suppose 2*q - 108509 = -5*o - 0*q, -2*q + s = o. Is o composite?
True
Is (2/3)/((-50)/(-5785575))*(0 - -1) prime?
True
Suppose -g + 5960 = 2*q, -4*q = q - g - 14900. Suppose -5*p = -5, -q = -3*l + 5*p + 402. Let d = 2528 - l. Is d a composite number?
False
Let m be (203/145 + 2/(-5))*0. Suppose 4*g = -2*a - m*a + 1510, 0 = 5*a - 2*g - 3763. Is a a prime number?
False
Suppose 0 = 2*n + 5*w - 46178, 0 = 5*n + 6*w - 3*w - 115483. Is n a composite number?
False
Suppose -10*i = -8*i - 10. Suppose 2*h - 15 = i*k, 5*h - 3*h + 2*k + 6 = 0. Suppose -3*p + 5*p - 2314 = h. Is p prime?
False
Suppose -2*n = -v - 8024, -n = 12*v - 17*v - 3994. Let g = n - 2821. Is g prime?
True
Let b = 2977 + 24352. Is b prime?
True
Suppose -49972 = -3*k - 13*f + 11*f, 66628 = 4*k + 3*f. Suppose 4*z - w - k = 2*w, 0 = 3*z - 2*w - 12494. Is z a prime number?
False
Suppose 5183 = 6*c - 1189. Let s = c - -105. Is s a composite number?
True
Let o(i) = -47*i**3 - 19*i**2 + 4*i + 5. Let j = -504 + 494. Is o(j) composite?
True
Let y(r) = 20*r**3 + 4*r**2 + r - 4. Let x be y(3). Suppose 26*g - 4*n + 16 = 28*g, 2*g = n + 1. Suppose 5*m + 4*z - x = 0, m + g*m - 3*z = 372. Is m composite?
True
Suppose -56 = 2*j - 6*j. Let k(u) be the third derivative of 7*u**4/8 - 59*u**3/6 - 215*u**2. Is k(j) prime?
False
Suppose -4*a - 6708 = 4*o, -3*a - 1873 = o + 3162. Is (-1 + -1 + (-13)/(-13))*a a prime number?
False
Suppose w - h + 5*h = 606, -3*w = 4*h - 1834. Is w a composite number?
True
Let k(i) = -47*i**2 - 7*i - 2. Let c be k(-11). Let w = 10033 + c. Is w prime?
True
Let u = -10 + 13. Suppose -23 = -2*z - 5*y, -u*z - y + 11 = -z. Let l(x) = 176*x - 15. Is l(z) composite?
True
Let x(i) = 102*i**3 - 13*i**2 - 162*i + 36. Is x(11) prime?
False
Suppose -32*i - 62598 - 82714 = 0. Let l = i + 8232. Is l a prime number?
True
Let d(s) = 234*s + 198*s - 2 - 220*s + 425*s. Suppose 3*r + 6*o - 4*o = 11, -2*r - 4*o + 18 = 0. Is d(r) a prime number?
False
Let i = 10551 - -2620. Is i prime?
True
Suppose 0 = -116*c + 346768 + 409668. Is c prime?
True
Let k = 319 - 1432. Let n = k - -1592. Is n a prime number?
True
Let g = 403 - 399. Let j(r) = r**3 - 9*r**2 - 2*r + 22. Let s be j(9). Suppose -g*k - s*k + 24216 = 0. Is k composite?
True
Suppose 97*m + 5765518 = 227*m - 108*m. Is m a prime number?
True
Suppose 0 = -3*w + 206 + 394. Suppose 4*f = -n - w - 357, -5*f - n - 696 = 0. Let r = 330 + f. Is r a composite number?
False
Let v = 188 - 185. Suppose -v*b = 2173 - 13330. Is b composite?
False
Let y = 347418 + -80335. Is y a prime number?
False
Let t(i) = -1 - i - 20*i**2 - 94*i**3 + 29*i**2 - 82*i**3. Is t(-3) a composite number?
True
Let m be 7*(-4 - -3)*-1. Suppose -m*h + 2*h = -20. Is (-427 + 0)*h/(-4) a composite number?
True
Suppose 497*k = 540*k - 7322857. Is k a prime number?
True
Let n(k) = -3804*k - 381. Let o be n(-7). Is (-3)/(-9)*(-6 + o) a composite number?
False
Let w = 1247641 + -740912. Is w a composite number?
False
Suppose 3*w - 213676 - 243924 = -4*a, 5*a + 11*w - 571971 = 0. Is a composite?
True
Let y(w) = w**3 + 6*w**2 - 2*w - 12. Let g be y(-6). Suppose g = 4*f + 2*f + 24. Is (-4 - f)/2 + 314 composite?
True
Let w = -667 + 932. Let p = 6124 + w. Is p a prime number?
True
Suppose 4*y - 3 - 1 = 3*z, y - 1 = -5*z. Let x = 3568 - 3567. Is 6730/20*(x + y/1) prime?
True
Suppose 1634762 - 8837160 = -40*z + 6870762. Is z a composite number?
False
Let s(n) = n**3 + 6*n**2 - 4*n - 12. Let i be s(-6). Is (4 - (-1364)/i)/((-1)/(-39)) a prime number?
False
Suppose a + 161 = -3*v + 181, 0 = -4*a + 3*v + 35. Suppose 0 = -2*f + 3*f - 2. Suppose f*j - a*j = -32067. Is j composite?
True
Let c(o) = -372*o**3 - 20*o**2 - 171*o - 45. Is c(-8) prime?
True
Let r(d) = d**3 - 18*d**2 - 12*d - 29. Let m(t) = -3*t**2 + 35*t + 33. Let n be m(12). Is r(n) a composite number?
True
Let m be 13/(52/(-16))*809/(-2). Suppose -6*f = -644 - m. Is f a prime number?
False
Let q(n) = n**2 - 15 - 6*n**2 + 6*n**2 + 103 + 23*n + 57. Is q(-17) prime?
True
Let r = 72 + -66. Suppose r = -3*g + 21. Let m(w) = 419*w + 58. Is m(g) composite?
False
Let h(a) be the third derivative of 11*a**7/112 + a**6/720 + 11*a**5/60 - a**2. Let r(b) be the third derivative of h(b). Is r(2) composite?
False
Suppose -3*z + 59017 = 20*k - 18*k, -k + 29506 = z. Is k a prime number?
True
Let a(g) = g**2 + 2*g - 10. Let h be a(-9). Let x be 188 - ((-2)/(-1))/(8/24). Let s = x + h. Is s a prime number?
False
Is (-13)/(78/15746)*-9 composite?
True
Suppose -2*m + 5*w = -27, -2*w + 6 + 6 = 3*m. Let p = m + -128. Let v = -51 - p. Is v prime?
True
Let m(d) = -159*d - 128. Let f(h) = h**2 - 16*h + 29. Let t be f(12). Is m(t) composite?
True
Let o(h) be the third derivative of -h**5/60 - 5*h**4/8 - 5*h**3/2 - 3*h**2. Let d be o(-6). Let v = -4 + d. Is v a composite number?
True
Let q be ((-1320)/36)/(4/(-6)). Let y = q - 44. Suppose y*f - 6265 - 3382 = 0. Is f composite?
False
Let k = -23 + 27. Suppose k*z = 13 - 1. Suppose 5235 = z*u + 1404. Is u composite?
False
Let y(i) = 43929*i**2 - 32*i - 71. Is y(-2) a composite number?
False
Let k = -140 - -68. Let n = k - -58. Is n/21 + (1 - 6108/(-9)) a composite number?
True
Is (5 + (-63)/14 + (-1465205)/(-14))/2 composite?
True
Suppose -4*k - 20067 = -a, a - 3*a + 40189 = 3*k. Is a prime?
False
Let c(d) = -169*d - 53. Let l be c(-25). Let w = 9347 - l. Suppose 6*b + 969 = w. Is b composite?
False
Suppose -6*s - 15429 = -55131. Is s a composite number?
True
Let u = -34645 - -48926. Is u composite?
False
Suppose 3*o + 4 = -8, -5*m - 5*o + 288800 = 0. Suppose 6*q + m = 34*q. Is q a composite number?
False
Suppose -7*j + 2*j = -4*l + 12787, j + 6395 = 2*l. Suppose -1614 = -2*c + 5*v, 2*c + 5*v - l = -2*c. Let d = -121 + c. Is d composite?
True
Let s(d) = 2*d**3 + d**2 - d. Let m(q) = 3*q**3 + 2*q**2 - 2*q. Let f(k) = 5*m(k) - 7*s(k). Let v be f(-3). Is ((-6)/v)/((-2)/1563) a prime number?
True
Let m(k) = 51*k**2 + 21*k - 83. Let g(n) = -103*n**2 - 41*n + 168. Let d(u) = -6*g(u) - 11*m(u). Is d(5) a prime number?
False
Let g be (-1 + 89/(-3))*-3. Let n be 4*1*69/g. Is (n + 0 - 0) + 30 composite?
True
Let z(s) = -2256*s - 5. Let w = -547 - -545. Is z(w) a composite number?
False
Suppose 571518 = 3*b + r, 571524 = 227*b - 224*b - r. Is b prime?
True
Let p(k) = -k**3 - k + 2. Let j be p(0). Is ((-9986)/(-6))/(j/(-84)*-7) composite?
True
Suppose 0 = 2*d + 4*p + p - 85, 0 = p - 5. Let l = d + -90. Is 420/3 + l/(-12) composite?
True
Suppose -z = 5*g - 34032, 57229 = -5*z + 3*g + 227529. Is z a prime number?
True
Let x = -367243 - -538526. Is x composite?
True
Let z be (-12846)/(-27) - (-2)/9. Let q = z + -249. Suppose 6*t - q = 337. Is t a composite number?
True
Suppose -2*k + 12704 = -y, 0 = -211*k + 213*k - 2*y - 12710. Is k a composite number?
True
Let p be (-2902306)/(-17) + 16/136. Let d be (p/(-6))/(1 - -1). Is (1/(-1))/(d/(-3557) + -4) a composite number?
False
Let v = 632 - 742. Is v/165*(-92958)/4 prime?
True
Let u be 2/4 + (-328)/(-16). Suppose 0 = -3*m - 2*m + 3*a + u, -4*a = 8. Suppose 3*z + 3496 = 7*z + 5*r, m*z = -5*r + 2617. Is z a composite number?
True
Suppose 0*k = 6*k - 3893544. Let z = -404869 + k. Is 2*(-2)/10*z/(-38) a composite number?
True
Let l(t) be the third derivative of t**4/24 - t**3/6 + 12*t**2. Let o be l(1). Suppose -16*x + 19*x - 75 = o. Is x a composite number?
True
Let u(v) = -2*v**3 - 24*v**2 + 16*v - 47. Is u(-19) composite?
False
Let n = 98445 - 63208. Is n prime?
False
Suppose -l = -8*l + 6888. Suppose v = 3*h + l, 0*v = 5*h - 2*v + 1640. Is (-6 + h)/((-4)/6) a prime number?
False
Let v = 46118 - 20873. Suppose 5*h + o - 25253 = 0, v = 5*h + 4*o + o. Is h prime?
True
Let q(i) be the third derivative of 41*i**5/60 + i**4 + 65*i**3/6 + 70*i**2. Is q(-6) a composite number?
True
Let w(z) = -18*z**2 - z - 1. Let h(g) = 91*g**2 + 6*g + 5. Let k(t) = -2*h(t) - 11*w(t). Suppose 39*v + 33 = -42 - 3. Is k(v) a prime number?
True
Suppose 18*m + 9032662 = 92*m. Is m a prime number?
False
Suppose 0 = -7*a + 447 - 